{"id":2,"date":"2025-05-17T17:12:02","date_gmt":"2025-05-17T15:12:02","guid":{"rendered":"http:\/\/www.bootshaus-gravel.de\/?page_id=2"},"modified":"2025-11-15T10:41:39","modified_gmt":"2025-11-15T09:41:39","slug":"beispiel-seite","status":"publish","type":"page","link":"https:\/\/www.bootshaus-gravel.de\/index.php\/beispiel-seite\/","title":{"rendered":"Anreise &#038; Unterkunft"},"content":{"rendered":"\n<p class=\"has-text-align-left has-background has-medium-font-size\" style=\"background-color:#3ab6b0\"><strong>Anreise<\/strong><\/p>\n\n\n\n<figure class=\"wp-block-image size-full\"><img loading=\"lazy\" decoding=\"async\" width=\"768\" height=\"432\" src=\"https:\/\/www.bootshaus-gravel.de\/wp-content\/uploads\/2025\/11\/radweg.jpg\" alt=\"Rheinradweg zwischen Bonn-Oberkassel und K\u00f6nigswinter\" class=\"wp-image-192\" srcset=\"https:\/\/www.bootshaus-gravel.de\/wp-content\/uploads\/2025\/11\/radweg.jpg 768w, https:\/\/www.bootshaus-gravel.de\/wp-content\/uploads\/2025\/11\/radweg-300x169.jpg 300w\" sizes=\"auto, (max-width: 767px) 89vw, (max-width: 1000px) 54vw, (max-width: 1071px) 543px, 580px\" \/><\/figure>\n\n\n\n<p><strong>Per Fahrrad<\/strong><br>Das Bootshaus Oberkassel liegt direkt am beliebten <strong>Rheinradweg <\/strong>an der Stadtgrenze zwischen Bonn und K\u00f6nigswinter.<\/p>\n\n\n\n<p><strong>Per Zug<\/strong><br>In unmittelbarer N\u00e4he des Bootshauses liegen gleich zwei Haltestellen der <strong>Regionalbahn<\/strong>. Vom Bahnhof Bonn-Oberkassel aus fahrt ihr einfach 1,5 Kilometer den Rhein entlang Richtung K\u00f6nigswinter. Umgekehrt fahrt ihr vom Bahnhof K\u00f6nigswinter-Niederdollendorf einfach runter an den Rhein und dann einen Kilometer am Rhein entlang Richtung Bonn. Auch die Stadtbahnhaltestelle Oberkassel S\u00fcd befindet sich nur wenige Hundert Meter entfernt. Und vom Bonner Hauptbahnhof fahrt ihr mit dem Rad rund 8 Kilometer, den Gro\u00dfteil davon ebenfalls traumhaft am Rhein entlang.<\/p>\n\n\n\n<p><strong>Per Auto<\/strong><br>Wir f\u00e4nden es toll, wenn ihr zur An- und Abfahrt um Bootshaus Gravel Bonn auf das Auto verzichten w\u00fcrdet. Falls euch das nicht m\u00f6glich ist, findet ihr etwa an der F\u00e4hre K\u00f6nigswinter-Niederdollendorf oder am Bahnhof Bonn-Oberkassel einige Parkpl\u00e4tze.<\/p>\n\n\n\n<p><strong>Per Flugzeug<\/strong><br>Nein, wirklich nicht. Egal wo auf der Welt ihr daheim seid: Bevor ihr euch f\u00fcr den Bootshaus Gravel Bonn ins Flugzeug setzt, dreht lieber eine sch\u00f6ne Runde in eurer Heimat.<\/p>\n\n\n\n<p class=\"has-background has-medium-font-size\" style=\"background-color:#3ab6b0\"><strong>Unterkunft<\/strong><\/p>\n\n\n\n<p>In der N\u00e4he der Event-Location findet ihr bei Bedarf Unterk\u00fcnfte f\u00fcr alle Anspr\u00fcche. Vom <strong>Campingplatz <\/strong>bis zum 5-Sterne-Hotel auf dem <strong>Petersberg<\/strong>. Einige Empfehlungen:<\/p>\n\n\n\n<p><a href=\"https:\/\/pension-ley.de\/\" target=\"_blank\" rel=\"noreferrer noopener\">Pension Ley, ca. 2 km<\/a><br><a href=\"https:\/\/siebengebirgsblick.de\/\" target=\"_blank\" rel=\"noreferrer noopener\">Rheincamping Siebengebirgsblick, ca. 7,5 km<\/a><br><a href=\"https:\/\/www.jufahotels.com\/hotel\/koenigswinter\/\" target=\"_blank\" rel=\"noreferrer noopener\">JUFA Hotel K\u00f6nigswinter, ca. 3 km<\/a><\/p>\n\n\n\n<p><\/p>\n","protected":false},"excerpt":{"rendered":"<p>Anreise Per FahrradDas Bootshaus Oberkassel liegt direkt am beliebten Rheinradweg an der Stadtgrenze zwischen Bonn und K\u00f6nigswinter. Per ZugIn unmittelbarer N\u00e4he des Bootshauses liegen gleich zwei Haltestellen der Regionalbahn. Vom Bahnhof Bonn-Oberkassel aus fahrt ihr einfach 1,5 Kilometer den Rhein entlang Richtung K\u00f6nigswinter. Umgekehrt fahrt ihr vom Bahnhof K\u00f6nigswinter-Niederdollendorf einfach runter an den Rhein und &hellip; <\/p>\n<p class=\"link-more\"><a href=\"https:\/\/www.bootshaus-gravel.de\/index.php\/beispiel-seite\/\" class=\"more-link\"><span class=\"screen-reader-text\">\u201eAnreise &#038; Unterkunft\u201c <\/span>weiterlesen<\/a><\/p>\n","protected":false},"author":1,"featured_media":0,"parent":0,"menu_order":0,"comment_status":"closed","ping_status":"open","template":"","meta":{"footnotes":""},"class_list":["post-2","page","type-page","status-publish","hentry"],"_links":{"self":[{"href":"https:\/\/www.bootshaus-gravel.de\/index.php\/wp-json\/wp\/v2\/pages\/2","targetHints":{"allow":["GET"]}}],"collection":[{"href":"https:\/\/www.bootshaus-gravel.de\/index.php\/wp-json\/wp\/v2\/pages"}],"about":[{"href":"https:\/\/www.bootshaus-gravel.de\/index.php\/wp-json\/wp\/v2\/types\/page"}],"author":[{"embeddable":true,"href":"https:\/\/www.bootshaus-gravel.de\/index.php\/wp-json\/wp\/v2\/users\/1"}],"replies":[{"embeddable":true,"href":"https:\/\/www.bootshaus-gravel.de\/index.php\/wp-json\/wp\/v2\/comments?post=2"}],"version-history":[{"count":14,"href":"https:\/\/www.bootshaus-gravel.de\/index.php\/wp-json\/wp\/v2\/pages\/2\/revisions"}],"predecessor-version":[{"id":193,"href":"https:\/\/www.bootshaus-gravel.de\/index.php\/wp-json\/wp\/v2\/pages\/2\/revisions\/193"}],"wp:attachment":[{"href":"https:\/\/www.bootshaus-gravel.de\/index.php\/wp-json\/wp\/v2\/media?parent=2"}],"curies":[{"name":"wp","href":"https:\/\/api.w.org\/{rel}","templated":true}]}}