{"id":54,"date":"2025-05-18T14:16:10","date_gmt":"2025-05-18T12:16:10","guid":{"rendered":"http:\/\/www.bootshaus-gravel.de\/?page_id=54"},"modified":"2025-11-15T11:19:44","modified_gmt":"2025-11-15T10:19:44","slug":"partner","status":"publish","type":"page","link":"https:\/\/www.bootshaus-gravel.de\/index.php\/partner\/","title":{"rendered":"Partner"},"content":{"rendered":"\n<figure class=\"wp-block-table\"><table class=\"has-fixed-layout\"><tbody><tr><td><img loading=\"lazy\" decoding=\"async\" width=\"150\" height=\"155\" class=\"wp-image-141\" style=\"width: 150px;\" src=\"https:\/\/www.bootshaus-gravel.de\/wp-content\/uploads\/2025\/08\/bombtrack_icon_black.png\" alt=\"Bombtrack Bikes\" srcset=\"https:\/\/www.bootshaus-gravel.de\/wp-content\/uploads\/2025\/08\/bombtrack_icon_black.png 500w, https:\/\/www.bootshaus-gravel.de\/wp-content\/uploads\/2025\/08\/bombtrack_icon_black-291x300.png 291w\" sizes=\"auto, (max-width: 150px) 100vw, 150px\" \/><\/td><td><strong><a href=\"https:\/\/www.bombtrack.com\/\">Bombtrack Bikes:<\/a><\/strong> Die Kultmarke aus K\u00f6ln ist als Bike-Partner beim Bootshaus Gravel an Bord. Das hei\u00dft f\u00fcr dich: Du kannst die schicken, aktuellen Gravelbikes wie Hook und Co. nicht nur vor Ort bewundern, sondern auch selbst w\u00e4hrend des Rides ausprobieren. Denn das Bombtrack-Team bringt ein paar nice Testr\u00e4der mit. M\u00f6chtest du dir einen Bombtrack-Flitzer f\u00fcr deinen Bootshaus-Ride sichern? <a href=\"mailto:kontakt@bootshaus-gravel.de\">Dann melde dich einfach bei uns!<\/a><\/td><\/tr><tr><td><img loading=\"lazy\" decoding=\"async\" width=\"150\" height=\"150\" class=\"wp-image-139\" style=\"width: 150px;\" src=\"https:\/\/www.bootshaus-gravel.de\/wp-content\/uploads\/2025\/08\/1080x1080_RL_Logo_rgb.png\" alt=\"Radladen Hoenig\" srcset=\"https:\/\/www.bootshaus-gravel.de\/wp-content\/uploads\/2025\/08\/1080x1080_RL_Logo_rgb.png 1080w, https:\/\/www.bootshaus-gravel.de\/wp-content\/uploads\/2025\/08\/1080x1080_RL_Logo_rgb-300x300.png 300w, https:\/\/www.bootshaus-gravel.de\/wp-content\/uploads\/2025\/08\/1080x1080_RL_Logo_rgb-1024x1024.png 1024w, https:\/\/www.bootshaus-gravel.de\/wp-content\/uploads\/2025\/08\/1080x1080_RL_Logo_rgb-150x150.png 150w, https:\/\/www.bootshaus-gravel.de\/wp-content\/uploads\/2025\/08\/1080x1080_RL_Logo_rgb-768x768.png 768w, https:\/\/www.bootshaus-gravel.de\/wp-content\/uploads\/2025\/08\/1080x1080_RL_Logo_rgb-100x100.png 100w\" sizes=\"auto, (max-width: 150px) 100vw, 150px\" \/><\/td><td><strong><a href=\"https:\/\/www.radladen-hoenig.de\/\" target=\"_blank\" rel=\"noreferrer noopener\">Radladen Hoenig<\/a>:<\/strong> Dein Ansprechpartner in Bonn und Umgebung, wenn es um Gravelbikes, Bikepacking und mehr geht. Das Team vom Radladen Hoenig hilft dir nicht nur bei der Suche nach deinem neuen Traumrad, sondern auch bei kleinen und gr\u00f6\u00dferen Problemen an deinem Bike. Auch beim Bootshaus Gravel Bonn sind sie f\u00fcr euch da.<\/td><\/tr><tr><td><img loading=\"lazy\" decoding=\"async\" width=\"150\" height=\"123\" class=\"wp-image-138\" style=\"width: 150px;\" src=\"https:\/\/www.bootshaus-gravel.de\/wp-content\/uploads\/2025\/08\/Chimpanzee-2020-LOGO-BLACK.png\" alt=\"Chimpanzee\" srcset=\"https:\/\/www.bootshaus-gravel.de\/wp-content\/uploads\/2025\/08\/Chimpanzee-2020-LOGO-BLACK.png 320w, https:\/\/www.bootshaus-gravel.de\/wp-content\/uploads\/2025\/08\/Chimpanzee-2020-LOGO-BLACK-300x246.png 300w\" sizes=\"auto, (max-width: 150px) 100vw, 150px\" \/><\/td><td><a href=\"https:\/\/www.chimpanzeebar.com\/\" target=\"_blank\" rel=\"noreferrer noopener\"><strong>Chimpanzee Nutrition<\/strong><\/a>: Volle Power im Sattel. Mit den leckeren Riegeln, Gums, Drinks und mehr von Chimpanzee habt ihr auf jeden Fall die n\u00f6tige Energie f\u00fcr den Bootshaus Gravel Ride eurer Wahl.<\/td><\/tr><tr><td><img loading=\"lazy\" decoding=\"async\" width=\"150\" height=\"21\" class=\"wp-image-140\" style=\"width: 150px;\" src=\"https:\/\/www.bootshaus-gravel.de\/wp-content\/uploads\/2025\/08\/logo.png\" alt=\"Ass Savers\" srcset=\"https:\/\/www.bootshaus-gravel.de\/wp-content\/uploads\/2025\/08\/logo.png 1200w, https:\/\/www.bootshaus-gravel.de\/wp-content\/uploads\/2025\/08\/logo-300x41.png 300w, https:\/\/www.bootshaus-gravel.de\/wp-content\/uploads\/2025\/08\/logo-1024x141.png 1024w, https:\/\/www.bootshaus-gravel.de\/wp-content\/uploads\/2025\/08\/logo-768x106.png 768w\" sizes=\"auto, (max-width: 150px) 100vw, 150px\" \/><\/td><td><a href=\"https:\/\/ass-savers.com\/\" target=\"_blank\" rel=\"noreferrer noopener\"><strong>Ass Savers<\/strong><\/a>: Immer sch\u00f6n sauber bleiben. Bei Regen und Matsch h\u00e4lt der Ass Saver dir im Wortsinn den R\u00fccken frei. Wir m\u00f6chten auf unseren Ass Saver Win Wing jedenfalls nicht mehr verzichten.<\/td><\/tr><\/tbody><\/table><\/figure>\n\n\n\n<p><\/p>\n","protected":false},"excerpt":{"rendered":"<p>Bombtrack Bikes: Die Kultmarke aus K\u00f6ln ist als Bike-Partner beim Bootshaus Gravel an Bord. Das hei\u00dft f\u00fcr dich: Du kannst die schicken, aktuellen Gravelbikes wie Hook und Co. nicht nur vor Ort bewundern, sondern auch selbst w\u00e4hrend des Rides ausprobieren. Denn das Bombtrack-Team bringt ein paar nice Testr\u00e4der mit. M\u00f6chtest du dir einen Bombtrack-Flitzer f\u00fcr &hellip; <\/p>\n<p class=\"link-more\"><a href=\"https:\/\/www.bootshaus-gravel.de\/index.php\/partner\/\" class=\"more-link\"><span class=\"screen-reader-text\">\u201ePartner\u201c <\/span>weiterlesen<\/a><\/p>\n","protected":false},"author":1,"featured_media":0,"parent":0,"menu_order":0,"comment_status":"closed","ping_status":"closed","template":"","meta":{"footnotes":""},"class_list":["post-54","page","type-page","status-publish","hentry"],"_links":{"self":[{"href":"https:\/\/www.bootshaus-gravel.de\/index.php\/wp-json\/wp\/v2\/pages\/54","targetHints":{"allow":["GET"]}}],"collection":[{"href":"https:\/\/www.bootshaus-gravel.de\/index.php\/wp-json\/wp\/v2\/pages"}],"about":[{"href":"https:\/\/www.bootshaus-gravel.de\/index.php\/wp-json\/wp\/v2\/types\/page"}],"author":[{"embeddable":true,"href":"https:\/\/www.bootshaus-gravel.de\/index.php\/wp-json\/wp\/v2\/users\/1"}],"replies":[{"embeddable":true,"href":"https:\/\/www.bootshaus-gravel.de\/index.php\/wp-json\/wp\/v2\/comments?post=54"}],"version-history":[{"count":7,"href":"https:\/\/www.bootshaus-gravel.de\/index.php\/wp-json\/wp\/v2\/pages\/54\/revisions"}],"predecessor-version":[{"id":143,"href":"https:\/\/www.bootshaus-gravel.de\/index.php\/wp-json\/wp\/v2\/pages\/54\/revisions\/143"}],"wp:attachment":[{"href":"https:\/\/www.bootshaus-gravel.de\/index.php\/wp-json\/wp\/v2\/media?parent=54"}],"curies":[{"name":"wp","href":"https:\/\/api.w.org\/{rel}","templated":true}]}}