{"id":94,"date":"2025-05-21T08:26:37","date_gmt":"2025-05-21T06:26:37","guid":{"rendered":"http:\/\/www.bootshaus-gravel.de\/?page_id=94"},"modified":"2025-05-23T16:34:36","modified_gmt":"2025-05-23T14:34:36","slug":"bike-setup","status":"publish","type":"page","link":"https:\/\/www.bootshaus-gravel.de\/index.php\/bike-setup\/","title":{"rendered":"Bike &amp; Setup"},"content":{"rendered":"\n<p>Beim Bootshaus Gravel Ride k\u00fcmmern wir uns im Start- und Zielbereich sowie an der Verpflegungsstelle um euer leibliches Wohl. Auf der Strecke seid ihr allerdings auf euch gestellt. Hier geben wir euch einige Tipps zum passenden Bike und zu eurer Ausr\u00fcstung.<\/p>\n\n\n\n<p class=\"has-medium-font-size\"><strong>Das richtige Fahrrad<\/strong><\/p>\n\n\n\n<figure class=\"wp-block-image size-large\"><img loading=\"lazy\" decoding=\"async\" width=\"1024\" height=\"576\" src=\"https:\/\/www.bootshaus-gravel.de\/wp-content\/uploads\/2025\/05\/bombtrack_hook-1024x576.jpg\" alt=\"\" class=\"wp-image-95\" srcset=\"https:\/\/www.bootshaus-gravel.de\/wp-content\/uploads\/2025\/05\/bombtrack_hook-1024x576.jpg 1024w, https:\/\/www.bootshaus-gravel.de\/wp-content\/uploads\/2025\/05\/bombtrack_hook-300x169.jpg 300w, https:\/\/www.bootshaus-gravel.de\/wp-content\/uploads\/2025\/05\/bombtrack_hook-768x432.jpg 768w, https:\/\/www.bootshaus-gravel.de\/wp-content\/uploads\/2025\/05\/bombtrack_hook-1536x864.jpg 1536w, https:\/\/www.bootshaus-gravel.de\/wp-content\/uploads\/2025\/05\/bombtrack_hook.jpg 2048w\" sizes=\"auto, (max-width: 767px) 89vw, (max-width: 1000px) 54vw, (max-width: 1071px) 543px, 580px\" \/><figcaption class=\"wp-element-caption\">Foto: Bombtrack Bikes<\/figcaption><\/figure>\n\n\n\n<p>Der Name verr\u00e4t es: Der Bootshaus Gravel Ride richtet sich in erster Linie an das <strong>Gravelbike<\/strong>. Aber nat\u00fcrlich d\u00fcrft ihr auch mit Rennrad, Mountainbike oder Trekkingbike auf die Strecke gehen, wenn ihr das euch und eurem Fahrrad zutraut. Wir raten euch trotzdem zu einem Gravelbike, alleine schon weil uns diese Fahrradgattung mit ihrer sportlichen und vielseitigen Art begeistert. <strong>Wichtig: <\/strong>Checkt euer Rad vor dem Event nochmal ordentlich durch, damit ihr keine b\u00f6sen \u00dcberraschungen erlebt. Sprich:<\/p>\n\n\n\n<ul style=\"background-color:#3ab6b0\" class=\"wp-block-list has-background\">\n<li>Sind die <strong>Reifen <\/strong>noch okay?<\/li>\n\n\n\n<li>Wird es vielleicht mal wieder Zeit f\u00fcr neue <strong>Bremsbel\u00e4ge<\/strong>?<\/li>\n\n\n\n<li>Ist die <strong>Schaltung <\/strong>richtig eingestellt?<\/li>\n\n\n\n<li>Sind alle <strong>Akkus <\/strong>geladen?<\/li>\n\n\n\n<li class=\"has-background\" style=\"background-color:#3ab6b0\">Sind alle <strong>Schrauben <\/strong>festgezogen?<\/li>\n<\/ul>\n\n\n\n<p class=\"has-medium-font-size\"><strong>Die richtige \u00dcbersetzung<\/strong><\/p>\n\n\n\n<p>Auf den Strecken erwarten euch mit Blick auf technische Abschnitte und steile Anstiege keine \u00fcberm\u00e4\u00dfigen Anstrengungen, aber ganz ohne macht es nat\u00fcrlich auch keinen Spa\u00df. Wir raten auf jeden Fall zu einer <strong>bergtauglichen \u00dcbersetzung<\/strong>, mit der ihr jederzeit fl\u00fcssig treten k\u00f6nnt. Unser Tipp: Ein 40er-Kettenblatt vorn und ein Ritzel mit 42 oder mehr Z\u00e4hnen hinten an der Kassette.<\/p>\n\n\n\n<p class=\"has-medium-font-size\"><strong>Der passende Reifen<\/strong><\/p>\n\n\n\n<p>Heutzutage gelten <strong>40 Millimeter<\/strong> breite Reifen als Standard am Gravelbike. Damit liegt ihr auch beim Bootshaus Gravel Ride bestimmt nicht verkehrt. Wer mehr Grip und mehr Komfort m\u00f6chte, geht vielleicht sogar auf 45 Millimeter. Immer vorausgesetzt nat\u00fcrlich, dass euer Gravelbike eine entsprechende <strong>Reifenfreiheit <\/strong>bietet. Wie es sich f\u00fcr ein Gravel-Event geh\u00f6rt, d\u00fcrft ihr w\u00e4hrend des Rides mit immer wieder wechselnden Untergr\u00fcnden rechnen. Neben Asphalt erwarten euch viele verschiedene Arten von Schotter- und Naturwegen. Generell sind alle Routen gut fahrbar, vereinzelt gibt es aber etwa Abschnitte mit etwas gr\u00f6berem Schotter. Entsprechend empfehlen wir euch Reifen mit einem leichten bis mittleren <strong>Stollenprofil<\/strong>.<\/p>\n\n\n\n<p class=\"has-medium-font-size\"><strong>Weiteres Equipment<\/strong><\/p>\n\n\n\n<p>Das solltet ihr beim Bootshaus Gravel Ride unbedingt an Bord haben:<\/p>\n\n\n\n<ul class=\"wp-block-list\">\n<li>GPS-Radcomputer zum Nachfahren der bereitgestellten Strecken<\/li>\n\n\n\n<li>Voll geladenes Handy f\u00fcr den Notfall<\/li>\n\n\n\n<li>Zwei Trinkflaschen, denn Ende August kann es an Rhein und Ahr richtig hei\u00df werden.<\/li>\n\n\n\n<li>Einen Energieriegel, um euch im Zweifel vor dem Hungerast zu sch\u00fctzen.<\/li>\n\n\n\n<li>Mini-Tool<\/li>\n\n\n\n<li>Luftpumpe<\/li>\n\n\n\n<li>Ersatzschlauch und\/oder Tubeless-Kit<\/li>\n\n\n\n<li>Etwas Geld als \u201eNotgroschen\u201c f\u00fcr alle F\u00e4lle.<\/li>\n\n\n\n<li>Personalausweis und Versichertenk\u00e4rtchen<\/li>\n\n\n\n<li>Bei Regen: Schutzblech \/ Ass Saver<\/li>\n<\/ul>\n\n\n\n<p><strong>Achtung: Es besteht Helmpflicht. Ohne Helm kein Start!<\/strong><\/p>\n\n\n\n<p><\/p>\n","protected":false},"excerpt":{"rendered":"<p>Beim Bootshaus Gravel Ride k\u00fcmmern wir uns im Start- und Zielbereich sowie an der Verpflegungsstelle um euer leibliches Wohl. Auf der Strecke seid ihr allerdings auf euch gestellt. Hier geben wir euch einige Tipps zum passenden Bike und zu eurer Ausr\u00fcstung. Das richtige Fahrrad Der Name verr\u00e4t es: Der Bootshaus Gravel Ride richtet sich in &hellip; <\/p>\n<p class=\"link-more\"><a href=\"https:\/\/www.bootshaus-gravel.de\/index.php\/bike-setup\/\" class=\"more-link\"><span class=\"screen-reader-text\">\u201eBike &amp; Setup\u201c <\/span>weiterlesen<\/a><\/p>\n","protected":false},"author":1,"featured_media":0,"parent":0,"menu_order":0,"comment_status":"closed","ping_status":"closed","template":"","meta":{"footnotes":""},"class_list":["post-94","page","type-page","status-publish","hentry"],"_links":{"self":[{"href":"https:\/\/www.bootshaus-gravel.de\/index.php\/wp-json\/wp\/v2\/pages\/94","targetHints":{"allow":["GET"]}}],"collection":[{"href":"https:\/\/www.bootshaus-gravel.de\/index.php\/wp-json\/wp\/v2\/pages"}],"about":[{"href":"https:\/\/www.bootshaus-gravel.de\/index.php\/wp-json\/wp\/v2\/types\/page"}],"author":[{"embeddable":true,"href":"https:\/\/www.bootshaus-gravel.de\/index.php\/wp-json\/wp\/v2\/users\/1"}],"replies":[{"embeddable":true,"href":"https:\/\/www.bootshaus-gravel.de\/index.php\/wp-json\/wp\/v2\/comments?post=94"}],"version-history":[{"count":2,"href":"https:\/\/www.bootshaus-gravel.de\/index.php\/wp-json\/wp\/v2\/pages\/94\/revisions"}],"predecessor-version":[{"id":110,"href":"https:\/\/www.bootshaus-gravel.de\/index.php\/wp-json\/wp\/v2\/pages\/94\/revisions\/110"}],"wp:attachment":[{"href":"https:\/\/www.bootshaus-gravel.de\/index.php\/wp-json\/wp\/v2\/media?parent=94"}],"curies":[{"name":"wp","href":"https:\/\/api.w.org\/{rel}","templated":true}]}}